prime factors of (-75)/(-10)*(-6)/u?
3
Let m(k) = -2*k**3 + k**2 + 7*k - 2. Let v(w) = -w**3 + 6*w - 2. Let o(z) = -2*m(z) + 3*v(z). List the prime factors of o(3).
19
Suppose a - 4 - 18 = 0. List the prime factors of a.
2, 11
Let s = 4 + -3. Let j be (s - (3 + -2))*1. Suppose 0 = -j*d + 4*d - 48. List the prime factors of d.
2, 3
Let y be 10/(-4)*6/(-5). What are the prime factors of (-1)/y + 35/15?
2
Suppose -s = -2*s - 30. Let y = -18 - s. Suppose -r - y = -5*r. List the prime factors of r.
3
Let i(s) = 6*s**2. Let p(g) = g**2. Let a(t) = i(t) - 5*p(t). List the prime factors of a(4).
2
Let z = 2 + 0. Let r(j) = 4*j + 1. List the prime factors of r(z).
3
Suppose f - 5*f = -3*m + 27, -2*m + 35 = 3*f. What are the prime factors of m?
13
Let o = 418 - 212. What are the prime factors of o?
2, 103
What are the prime factors of (1582/(-28))/((-2)/(-16)*-2)?
2, 113
Suppose -4*x + 8 = -5*k, 2*x + 3*x = -4*k + 10. Suppose k*g = 3*g - 33. List the prime factors of g.
11
Suppose -4*n = n + 30. Let y = -3 - n. List the prime factors of y.
3
Let t be (-21)/(-9) + (-4)/(-6). Let m be 10 - (-3)/t*2. Let g = m - 0. List the prime factors of g.
2, 3
Suppose 0 = 4*n - 4 - 4. Suppose -4*f = 16, -5*v = -3*f - n*f - 135. What are the prime factors of v?
23
Let q be (-9)/6*2 - -1. Let k(d) be the third derivative of -d**4/8 - 3*d**2. List the prime factors of k(q).
2, 3
Let u(n) = 28*n**2 + 2*n. Let q be u(-2). Suppose -4*v = -q - 0. List the prime factors of v.
3
Let q = -14 - -20. Let c be 28/q + 1/3. Let z = 4 + c. What are the prime factors of z?
3
Let u(t) = t**2 + 6*t - 5. Suppose 2*y - 4*y = -4*n + 10, -5*y + n - 25 = 0. Let h be u(y). Let l = h + 19. What are the prime factors of l?
3
Let w(y) = -3*y - 1. Let p(i) = i**3 - i**2 + i - 2. Let k be p(2). Suppose -2*v = -k*v - 4. List the prime factors of w(v).
5
Let u(a) = -a**2 + 9*a + 1. List the prime factors of u(4).
3, 7
Let f(h) = -h**2 + h - 1. Let u be f(1). Let s(k) = -k**2. Let p(j) = 6*j**2 + j + 1. Let l(m) = p(m) - 4*s(m). What are the prime factors of l(u)?
2, 5
Let w be (-1)/4*-2*-2. Let y(t) = -3*t + 1. Let q be y(w). Suppose 2*l - q*j = 6, 4*l - 2*j = -j + 33. List the prime factors of l.
3
Suppose 7 = 5*w - 8. Suppose -2*r - 6 = -3*g, 0 = -w*r - 2 - 7. Let p = 8 + g. List the prime factors of p.
2
Let u = -26 + 49. What are the prime factors of u?
23
Let a(r) = -2*r + 5. Let c be a(6). Let d be c*(0 + (-3)/(-3)). Let y = 17 + d. List the prime factors of y.
2, 5
Let z(c) = 4*c**3 - 5*c**2 - 4*c - 7. Let f(x) = 5*x**3 - 5*x**2 - 5*x - 7. Let p(a) = 3*f(a) - 4*z(a). Let y = 11 - 6. List the prime factors of p(y).
2, 3
Let w(a) = a**2 + 4*a + 1. Let k be w(-4). Let f(h) be the third derivative of 3*h**5/20 + h**4/12 - h**3/6 + 9*h**2. What are the prime factors of f(k)?
2, 5
Let f(l) = -l**2 + 18*l + 14. What are the prime factors of f(13)?
79
Let y be (-4)/(-12) + 10/6. Suppose -5*a = -4*z - 6, 9 = -y*z + 3*z + 4*a. What are the prime factors of (0 - -7)/(z - 0)?
7
Let y = -4 + -11. Let x = y - -21. List the prime factors of 131/x - 3/(-18).
2, 11
Let v(m) be the third derivative of -1/15*m**5 + 1/120*m**6 - 1/3*m**3 - 1/6*m**4 + 0*m + 0 - 2*m**2. List the prime factors of v(5).
3
Suppose -183 = -4*m + u, 3*u = -2*m - 18 + 127. Let c = -26 + m. List the prime factors of c.
3, 7
Let d = 124 + -65. List the prime factors of d.
59
Let l(s) = 2*s + 2 + 4*s - 7*s**2 + 9*s**2. What are the prime factors of l(-5)?
2, 11
Suppose -5*n + 210 = -2*g, n - 84 = -n - 3*g. List the prime factors of n.
2, 3, 7
Let g be 16/6 - 1/(-3). Suppose -t - g = -9. List the prime factors of t.
2, 3
Suppose c + 5*n = -3*c + 231, 5*c = 5*n + 255. List the prime factors of c.
2, 3
Let y(m) = 7*m + 7. What are the prime factors of y(9)?
2, 5, 7
Let d be (-4)/1 + 1 + 0. Let y(u) = -u - 1. Let b be y(d). Suppose 0 = k + 5, 4*h - b*k - 4 = 7*h. List the prime factors of h.
2
Let r(j) = 2*j - 5. Let o(b) = 6*b - 14. Let y(i) = 3*o(i) - 8*r(i). What are the prime factors of y(7)?
2, 3
Suppose 2*g + 2*d = 0, -2*d - 6 = -4*g - 0*g. Let s = g + 1. Suppose 0 = -5*t - s*o + 40, -4*t + 60 = t - 2*o. List the prime factors of t.
2, 5
Suppose -206 = -h - h. What are the prime factors of h?
103
Let c(r) be the third derivative of r**4/24 + 5*r**3/3 + r**2. What are the prime factors of c(0)?
2, 5
Let b = -8 + 12. Let q be -2*3*(-2)/b. Suppose -2*p = -q - 7. List the prime factors of p.
5
Let v(p) = -3*p**3 + 1. Suppose -r = 4*a + 9, -3*r + 23 = -3*a - 7*r. Let d(t) = t**3. Let n(u) = a*v(u) + d(u). What are the prime factors of n(1)?
3
Let j = 42 + 16. Suppose j = 5*w - 2*b, -2*b - 48 + 10 = -3*w. What are the prime factors of w?
2, 5
Let o be ((-14)/(-4))/((-1)/2). Let b be o/(-3) + 18/27. Suppose 42 = 3*s + b*z + 6, s = 2*z + 12. List the prime factors of s.
2, 3
Suppose 32 = 2*o - 2*f, -40 = -2*o - 0*f + 4*f. Let x be (o/(-9))/(-2)*18. What are the prime factors of (1 + -2 + 2)*x?
2, 3
Let w be 0 + (3 - (12 - 1)). Let h = w - -13. What are the prime factors of h?
5
Suppose -3*u + 2 = 5*r + 39, 2*r = -4. Let k = u - -7. What are the prime factors of (-1)/(k/(-4)) - -9?
7
Let s = -5 + 7. Let g be ((-2)/6)/(s/6). Let c(y) = 11*y**2 + 1. List the prime factors of c(g).
2, 3
Suppose -3*y - 16 = 3*r - 2*y, 0 = 3*r - 2*y + 22. Let x = -4 - r. List the prime factors of x.
2
Suppose r - 4*o = -2*r, 2*o = -3*r. Suppose 0 = 2*h - r*h - 38. What are the prime factors of h?
19
Let g(r) = -r**2 + 8*r - 7. Let d be 4/(-14) + 37/7. List the prime factors of g(d).
2
Let b(q) = -q - 5. Let n(l) = 2*l + 5. Let x(s) = 5*b(s) + 4*n(s). Suppose -3*p - 28 = -4*t, -3*p - 12 = -0. What are the prime factors of x(t)?
7
Suppose -8*h - 1 = -7*h. What are the prime factors of (58/(-6))/(h/3)?
29
Let q(w) = -6*w**2 - w**3 - 6*w + 10*w + 4*w. Let y be q(-7). Let d = y - -10. List the prime factors of d.
3
Suppose -7*w + 76 = -3*w. Suppose -2*u + a - 11 = -3*u, 3*a - w = -u. Let b = u + 2. What are the prime factors of b?
3
Let o(v) = -2*v + 1. Let d be o(8). List the prime factors of (-1)/(d/7 + 2).
7
Let x(b) = 22*b - 2. List the prime factors of x(1).
2, 5
Let c = 133 - -5. List the prime factors of c.
2, 3, 23
Suppose 7*c = 3*c + 16. Let p = -4 + c. Suppose 2*y - y - 7 = p. List the prime factors of y.
7
Let i be 194 - 0/3*-1. List the prime factors of 8/44 - i/(-22).
3
Let h(i) = i**2 + 12*i + 52. What are the prime factors of h(-16)?
2, 29
Let b = 5 - 10. Let l be b*((-36)/15)/2. Suppose -2*i + l + 2 = 0. List the prime factors of i.
2
Let i(m) = 8*m + 2. Let v be i(2). Let t = v - 14. What are the prime factors of t?
2
Suppose 2*v = -2*v + 12. List the prime factors of v/(-9) - (-80)/6.
13
Suppose -w = -147 - 24. What are the prime factors of w?
3, 19
Let c = 52 - 12. List the prime factors of c.
2, 5
Let m(j) = -11*j - 5. Suppose -2*u - 4 = -0*u. What are the prime factors of m(u)?
17
Let a(b) be the third derivative of b**5/60 - b**4/3 + b**3/2 + 2*b**2. List the prime factors of a(8).
3
Let h(y) = 7*y**2 - 8*y + 13. List the prime factors of h(5).
2, 37
Let b = -57 + 38. Let g = 23 + b. List the prime factors of g.
2
Let y = -11 + 7. Let o = 6 - y. List the prime factors of o.
2, 5
Let o = -12 + 67. List the prime factors of o.
5, 11
Let k(g) be the third derivative of g**5/60 - g**4/6 - g**3 - g**2. Let p be k(6). Let v = 1 + p. List the prime factors of v.
7
Let k(s) = 4*s - 42. List the prime factors of k(19).
2, 17
Suppose -j - 3*h + 7 = -1, 2*j - 4*h - 16 = 0. Let s = 12 - j. Suppose -s*t = -t - 30. List the prime factors of t.
2, 5
Let b = -1 - 6. Let u be ((-20)/b)/(4/14). Suppose 0 = -q - 1 + u. What are the prime factors of q?
3
Let f(h) = -2*h. Let b(u) = u**2 + 8*u + 1. Let s be b(-7). What are the prime factors of f(s)?
2, 3
Let s = 131 + -89. Suppose 4*i - s = 30. What are the prime factors of i?
2, 3
Let i(n) = -n**2 + 2. Let x be i(2). What are the prime factors of (68/(-12))/(x/6)?
17
List the prime factors of (-11)/(44/(-16))*170/8.
5, 17
Suppose -3*l - 582 = -4*v - 74, -4*l = -3*v + 381. Suppose 2*f + 66 = -2*g, 3*f + 5*g = -f - v. What are the prime factors of 1/(-3) + f/(-6)?
2, 3
Suppose 6*b + 20 = 98. List the prime factors of b.
13
Let g(k) = k**3 + 35*k**2 - 11*k + 3. What are the prime factors of g(-35)?
2, 97
Let q be (-2)/